 y(c) = -c + 3. Suppose 2*z - 7 = -1. Let b(j) = z*y(j) - 8*o(j). Determine b(1).
-2
Let r(n) = 4 - 5*n + 0 + 8*n**2 - 11*n**2. Let l(p) = -5*p**2 - 10*p + 7. Let i(u) = -4*l(u) + 7*r(u). Let z = 13 - 8. Calculate i(z).
0
Let w(x) = -5*x**2 + 5*x + 10. Let v(n) = -4*n**2 + 6*n + 9. Let j(d) = -6*v(d) + 5*w(d). Let o be j(-10). Let m(l) = l**3 - 7*l**2 + 4*l + 3. Calculate m(o).
-9
Let q(j) be the second derivative of 3/2*j**2 + 1/24*j**4 - 3*j + 1/3*j**3 - 1/30*j**5 + 0. Let h(o) be the first derivative of q(o). Give h(2).
-4
Let z(j) = 6*j. Let q be z(1). Let k(w) = -2*w**2 - w + 1. Let i(g) = -5*g**2 + 4*g - 3. Let v(f) = -i(f) + 2*k(f). Calculate v(q).
5
Let r(p) = -7*p - 2*p + 2*p. Determine r(1).
-7
Let j(r) = -r + 2. Let m be j(-9). Suppose -2*u + m = -4*k + 5*k, -3*k = 3*u - 21. Let c(b) = -2*b - b + 2 + 4. Give c(u).
-6
Let o = 0 + 2. Let x(j) = 5*j**2 - 2*j + 5. Let y(g) = g**2 + 1. Let l(w) = x(w) - 4*y(w). Calculate l(o).
1
Let z(g) = 3*g**2 - 7*g - 6. Let l(q) = 4*q**2 - q + 2. Let j be l(-2). Let b(t) = 20*t + j - 9*t**2 - 8 + 5. Let d(h) = 6*b(h) + 17*z(h). What is d(1)?
-2
Let c(o) = o + 4. Let w be c(-5). Let m = 1 - w. Let k(x) = -3*x**2 + x. Calculate k(m).
-10
Let s(d) = d - 10. Let z be s(8). Let q(l) be the first derivative of -3*l**2/2 - 3*l - 3. What is q(z)?
3
Let j(z) be the third derivative of -z**5/30 - z**4/8 + 4*z**2 + 2*z. Let g(v) = 2*v + 6. Let b be g(-4). Give j(b).
-2
Let w(t) = -6*t - 1. Let y(z) = -2*z. Let u(s) = w(s) - 4*y(s). Determine u(-1).
-3
Let l(b) = -b**3 + 7*b**2 - 3*b - 11. Let z(a) = -a**2 - a. Let r(f) = -l(f) + 2*z(f). Determine r(9).
20
Let o(j) = j - 2. Let m(q) = q**3 - 6*q**2 + q + 23. Let k be m(5). Give o(k).
1
Let t(z) = z**3 + 1. Let m = -16 - -15. Calculate t(m).
0
Let x(k) = -k + 9. Let z be x(7). Let j(o) = -z*o + 2*o - 7*o + 6*o. What is j(-5)?
5
Let y(x) = 78*x**3 + 7*x**2 + x - 3 - 77*x**3 - 3*x**2 + 5. Let r = 11 + -15. Give y(r).
-2
Let m be (-1)/(0 - (-2 + 1)). Let g = 13 - 9. Let v(h) = 3*h - 3 + g*h + 3 + 1. Give v(m).
-6
Let a(z) = 2*z. Let w be a(4). Let q(u) = -u**3 + 8*u**2 + 2. What is q(w)?
2
Let i(c) = c**3 - c**2 + c - 4. Let y(w) = -12 + 0*w + 3*w - w. Let h be y(6). Give i(h).
-4
Let w(c) = -3*c**3 - 5*c**2 - 7*c - 6. Let d(h) = 7*h**3 + 10*h**2 + 15*h + 13. Let r(a) = 2*d(a) + 5*w(a). Let q be r(-4). Let l(u) = u**2 + u. Calculate l(q).
0
Suppose 4*k - c + 5 = -2*c, c + 5 = 0. Let s(i) = i + 2 + 3 + k*i. Let r(h) = -h - 4. Let u(m) = -4*r(m) - 3*s(m). Calculate u(-3).
-2
Let h(p) = p**3 + 9*p**2 + 8*p + 1. Let g(u) = 4*u + 12. Let w be g(-5). What is h(w)?
1
Suppose 12 = -k + 5*k. Let r be (1 - k)/(-2 + 4). Let g(y) be the second derivative of y**5/5 - y**4/12 - y**3/6 - y**2/2 - 2*y. Give g(r).
-5
Suppose 0 = x + 3*x - 16. Suppose 2*y + x = -2. Let v(n) = -n**3 - 4*n**2 - n + 2. Calculate v(y).
-4
Let h(n) = n**2 - 7*n + 4. Let o(i) be the third derivative of i**5/30 - i**4/3 + 5*i**3/6 - 6*i**2. Let m(x) = -3*h(x) + 2*o(x). Determine m(-4).
-6
Let a(l) = l**3 + 2*l**2 - 2*l + 1. Let f(m) = -m**2 + 3*m + 5. Let b be f(5). Let z = b - -6. Determine a(z).
2
Suppose -2*p = 9*p - 77. Let s(i) = i**2 - 7*i - 10. What is s(p)?
-10
Let o(d) = 5*d**2 - 1. Let p be o(1). Let m be 6/(-27) + (-148)/(-18). Let z(i) = i - m + i + 5. What is z(p)?
5
Let r(h) = 15*h**3 + 2*h + 1. Suppose -1 = 3*n + 2. Calculate r(n).
-16
Let v be 6/15 + 28/5. Let o(t) be the first derivative of -3*t**2/2 + 8*t - 2. What is o(v)?
-10
Let u(f) = -2*f - 42. Let a be u(-22). Let l(g) be the first derivative of -g + a + 4/3*g**3 + 1/2*g**2. Give l(1).
4
Let d(a) = -5*a**2 - 7. Suppose 60 = -5*w + 15. Let x = w + 15. Let q(o) = o**2 - o + 1. Let k(t) = x*q(t) + d(t). What is k(5)?
-6
Let g(f) be the third derivative of 0*f**3 + 1/12*f**4 - 2*f**2 + 1/720*f**6 - 1/120*f**5 + 0 + 0*f. Let y(t) be the second derivative of g(t). Give y(1).
0
Let f(t) = 1 - t + 4*t**2 - 2*t + 5*t. Suppose 2*w - 3*h = -11, 0 = -5*w - 3*h + 8 - 4. Give f(w).
3
Let r(z) = -z**3 + 4*z**2 - 3*z + 4. Let o = 5 - -1. Suppose 3*y - 16 = w - 0, -2*y + 28 = -5*w. Suppose -y*t - 2*n + 20 = 0, 5*n = 3*t + o + 5. What is r(t)?
4
Let s(c) = 14*c**2 - 2*c + 1. Let y(i) = -1. Let a(u) = -u**3 - 9*u**2 + u + 7. Let m(k) = -a(k) + y(k). Let g be m(-9). What is s(g)?
13
Let p(a) = a + 11. Let t be p(-8). Let v = 1 + t. Suppose -5*k = -2*q + q + 28, v*k = -5*q - 5. Let y(w) = -w - 3. Determine y(k).
2
Suppose 4*a + 22 = -6. Let t(r) = r**3 + 7*r**2 + 3. Give t(a).
3
Suppose -5*v - 9 = -5*u + 4*u, -u = 4*v. Suppose 0 = 2*m - 4*b, -8 - 5 = u*m + 5*b. Let c(s) = -2*s**2 - 2*s + 2. Give c(m).
-2
Suppose 0 = c - 4 - 0. Suppose 4*u + 2*q = -18, u + 0*u = c*q - 27. Let g = -5 - u. Let n(a) = a**3 - 4*a + 3. Give n(g).
3
Let t(v) = -3*v + 1. Suppose 3*z + 4 - 7 = 0. Give t(z).
-2
Suppose -5*d = 4*m + 10, -3*m + 0 + 2 = -d. Let w(h) = 3 + 2*h + m*h - 5. What is w(-3)?
-8
Let s(t) be the first derivative of -3 + t**2 + 4*t - 1/3*t**3. What is s(3)?
1
Let h(u) be the first derivative of 4*u**3/3 + u - 24. Let o be 4/2*-1 + 1. What is h(o)?
5
Let j(a) be the third derivative of a**6/120 - a**4/24 + a**3/6 + 5*a**2. Determine j(-2).
-5
Let s(p) be the third derivative of p**5/60 + p**4/12 + p**3/2 - p**2. Let t be s(-2). Let x(r) = -t + 5*r**2 - 2*r - 4*r - 6*r**2. What is x(-4)?
5
Let g(a) be the second derivative of 0 + 7/6*a**3 - 3*a + 0*a**2. Determine g(1).
7
Let q(a) = -a. Let t(y) = -2*y - 2. Let c be t(-4). Calculate q(c).
-6
Let q = 1 - 1. Let w(u) = q - u**2 + u**3 + u + 2 - 4*u**2 + 2*u. Determine w(3).
-7
Let y(z) = z - 16. Let q be 9/(9/10) - -2. Let u = q + -5. Determine y(u).
-9
Let b(x) = x - 4. Let u(i) = i + 9. Let l(h) = -2*h**2 - 1. Let j be l(-2). Let f be u(j). Give b(f).
-4
Let f(c) = c**3 - 5*c**2 - 2*c + 4. Let h be f(5). Let n(l) be the first derivative of -l**2/2 - 2*l + 4. Calculate n(h).
4
Let h(o) = -3*o - 4. Suppose 10 = -8*a - 14. Give h(a).
5
Let y(o) = -o**3 - 4*o**2 + 6*o - 4. Let q(p) = p**3 + 6*p**2 + p + 4. Let i be q(-5). Suppose 2*h + 0*h = f - 7, -3*h - 3*f - i = 0. Determine y(h).
-9
Suppose 3 - 6 = n. Let y = n + 8. Let g = 8 - y. Let q(c) = -c**3 + 3*c**2 - 2. What is q(g)?
-2
Let g be (-13)/(117/(-6))*3/4. Let j(i) be the second derivative of -1/6*i**3 + g*i**2 + 0 + i. Give j(2).
-1
Let l(w) be the first derivative of w**2/2 + 5*w - 25. Give l(-8).
-3
Let u = 2 + -10. Let d(i) = i**2 + 7*i - 5. Determine d(u).
3
Let o(n) be the third derivative of n**5/60 + n**4/4 - 2*n**3/3 - n**2. Let h(m) = m**2 + 12*m - 6. Let r be h(-13). Suppose -5*c + r*c + 12 = 0. Give o(c).
-4
Let a(x) = -x**2 - 6*x - 4. Suppose -4*o + 0 + 8 = -2*y, -2*y - 8 = 5*o. Calculate a(y).
4
Let d = -4/5 + 5/6. Let j(f) be the third derivative of -3*f**2 + d*f**5 + 1/8*f**4 + 0*f + 0 + 1/2*f**3 + 1/120*f**6. What is j(-2)?
-3
Let p(b) = -2*b + 0*b + 3*b + 4. Let j(f) = 3*f - 3. Let s be j(3). Let i = -3 + s. Calculate p(i).
7
Let z(j) be the first derivative of -3*j**4 + j**3/3 - j + 21. Determine z(1).
-12
Let p(z) be the first derivative of 2*z**3/3 + 2*z**2 + 2*z + 2. Let t(g) = g + 6. Suppose -2*f + 5*d - 47 = 2*f, 5*d - 39 = 3*f. Let c be t(f). Give p(c).
2
Let g(s) = -7*s**2 - 5*s + 4. Let r(z) = 4*z**2 + 3*z - 2. Let f(b) = -3*g(b) - 5*r(b). Let q(d) = d - 1. Let y be q(3). What is f(y)?
2
Let r be -1 + 1/((-3)/15). Let q be (0 - -6)*2/r. Let y(i) = i**2 + 5*i + 3. Calculate y(q).
-3
Let w be (-8)/12*6 + 9. Let y(o) = -o**2 + 6*o - 6. What is y(w)?
-1
Let u = -3 - -10. Let l(q) = q - 8. Let f be l(u). Let v(d) = 3*d**3 + 4*d**2 - 5*d**2 - d**2 - d. Calculate v(f).
-4
Let n(o) = -o + 13. Let y(u) = -2*u + 27. Let v(j) = 13*n(j) - 6*y(j). Determine v(6).
1
Let m(j) = j**3 + 3*j**2 - 2*j + 3. Let i(d) = -d + 3. Let f be i(7). Let h be m(f). Let y(q) = q**2 + 5*q + 6. Give y(h).
6
Let q(w) = w**2 - 4*w + 3. Let k = -8 + 11. Determine q(k).
0
Let j(u) = 10*u**2 + 3*u + 10. Let f(v) = 3*v**2 + v + 3. Let s(l) = -14*f(l) + 4*j(l). Determine s(-2).
-6
Let y(t) = -t. Let x(i) = 7*i - 5. Let s(f) = x(f) + 6*y(f). Let d = 12 + -7. Determine s(d).
0
Let s(c) = c**2 + c. Let v(z) = 2*z**2 - 3*z - 1. Let j(x) = -2*x**3 + x. Let u be j(-1). Let i(w) = u*v(w) + s(w). Determine i(-1).
4
Let l(c) = -4*c + 3. Let q be l(2). Let k(n) = n**2 + n. Let 